 hundreds digit of l?
3
Suppose -5*c + 4*c + 165 = 0. Let b = 240 - c. What is the tens digit of b?
7
Suppose 205 = -3*s - b, -s - 5*b - 50 = -b. Let c = -42 - s. What is the tens digit of c?
2
Let d(f) = -249*f**3 + 3*f**2 + 8*f + 15. What is the tens digit of d(-2)?
0
Suppose -23*n + 11265 = -235. What is the tens digit of n?
0
Suppose -t = -0*t. Suppose 4*v - 33 = -5*g, t*g + 4*g = 4*v - 24. Suppose 5*z = 53 + v. What is the tens digit of z?
1
Let z = -12 - -16. Suppose z*k = -0*k + 160. What is the units digit of k?
0
What is the hundreds digit of 6/30 - (784/(-5) - 3)?
1
Let m = 89 + 405. Let n = -329 + m. What is the tens digit of n?
6
Let j(m) = -4 - 39*m - m**2 + 9 + 57*m. What is the units digit of j(15)?
0
What is the tens digit of 1/(3/1) + 25808/48?
3
Suppose 4*v + 188 = -2*r + 754, -2*v = 6. What is the units digit of r?
9
Let b(r) = -r**2 - 6*r - 7. Let n be b(-7). Let s = n - -15. Suppose 5*u - 2*v - 43 = 0, -3*u - 7*v + 2*v = -s. What is the units digit of u?
7
Let b = -352 - -528. What is the tens digit of b?
7
Suppose 0*n + 5*n = 25. What is the units digit of (0 - 4)*(3 - n)?
8
Let l(p) = -p**2 + 13*p - 20. Let h be l(11). Suppose 0 = 2*m - h*i - 58, m + 5*i + 7 = 18. What is the units digit of m?
6
Let x(a) = 11*a - 33. Suppose -5*f + 33 = -j, -2*f = 3*f + 2*j - 24. What is the units digit of x(f)?
3
Let g be ((-24)/16)/((-6)/8). Suppose -g*w - 27 = -3*w. Suppose 4 - w = -i. What is the tens digit of i?
2
Let j = 4 + -4. Suppose -4*k + 5*y + 10 = 0, -k - 3*y = -2 - 9. Suppose 2*t - a - 40 = -2*t, -t + k*a - 9 = j. What is the units digit of t?
1
Let s be 1 + 1 + 1/1. Suppose -2*f + s*g + 23 = 3*f, 3*f = 2*g + 14. What is the tens digit of 784/32 - 2/f?
2
Let u be (-14)/4*(0 + 8). Let c = u - -49. Let k = c + 2. What is the units digit of k?
3
Let z = 310 + 18. Suppose 2*b = -3*b + 10. Suppose -b*q = -6*q + z. What is the tens digit of q?
8
Let z = 9354 + -6142. What is the tens digit of z?
1
Suppose -3*u + m + 1103 = 0, 183 + 904 = 3*u - 5*m. Suppose 0 = 3*b - 5*s - 366, -2*b - b + 4*s + u = 0. What is the units digit of b?
7
Let b(l) = 383*l - 9. What is the units digit of b(1)?
4
Let r be -1 - 11455/(-9) - (-2)/9. Suppose 13*a = 5*a + r. What is the tens digit of a?
5
Let f(h) = h**2 - 2*h + 3. Let n be f(2). Suppose 5*a + n = -17. What is the tens digit of (2/a + 0)*-36?
1
Let g be (-30 + (0 - -1))*-1. Suppose -5*t + 31 = -g. Let z = t - -8. What is the tens digit of z?
2
Let l(r) = -63*r + 1. Let m(t) = t**2 + t - 1. Let o be m(0). What is the units digit of l(o)?
4
Suppose 0 + 6 = 2*s. Let z be (-8)/(-6) + 2/s. Suppose 38 + 16 = z*w. What is the units digit of w?
7
Let y(f) = -f**2 + 10*f. Let c be y(10). Suppose c*t - 4*t = -24. Suppose t*u - 86 = u + 3*j, -5*j = 3*u - 38. What is the tens digit of u?
1
Let f be (30/21)/((-4)/(-28)). Suppose 3*b - f = b. Suppose 0 = b*v - 2*s - 123, 0 = 3*v + s + s - 77. What is the tens digit of v?
2
Let h = 2 - 3. What is the units digit of 65 - (h - 1) - -4?
1
Let j = 0 + 3. Suppose 15 + j = -2*g. Let k = g - -19. What is the units digit of k?
0
Let u(v) = -2*v**3 - 2*v**2 + 3*v - 2. Let o be u(-3). Suppose 3*m + o = 8*m. What is the units digit of (m - 4)/(1/34)?
4
Let s = -18 - -81. Suppose 0 = c + 5*q - s, 2*q + 119 = 3*c + 3*q. What is the units digit of c?
8
Suppose -4232 - 484 = -9*g. What is the hundreds digit of g?
5
Suppose -8 = -2*c + 3*c. Let z = c + 22. What is the tens digit of z?
1
Let l be (12/(-72) - (-14)/12) + -1. Suppose 5*h - 134 = 3*o, 5*o + 40 = h - l*h. What is the tens digit of h?
2
Let q be (-529)/(-161) + 4/(-14). Suppose -p - q*p = -120. What is the units digit of p?
0
Let r(a) = -a**3 + 9*a**2 + 13*a - 11. Let j = -5 - -13. Let b be r(j). Suppose 4*s = -5*o + b, -3*s - 6 = -5*s. What is the units digit of o?
9
Suppose -l + 2*l = 2. Suppose -l*o = -o - q - 68, -3*q + 180 = 3*o. Suppose 3*g - o = -g. What is the units digit of g?
6
Suppose -2*f + 428 = 2*f. Let z = -433 + f. What is the units digit of 12/(-9) - z/6?
3
Let p be (-3 - -4)/((-3)/63). Let u = p + 71. What is the units digit of u?
0
Suppose 0 = -5*q + 83 + 1252. What is the tens digit of q?
6
Suppose -3 = 3*u, -4*b + 14 = 2*u - 4*u. Suppose b*v + 12 = 7*l - 2*l, -15 = -5*l. Let g(h) = 46*h**3 + h**2 - h + 1. What is the tens digit of g(v)?
4
Let x(d) = 42*d**2 - 8*d - 50. Let n be x(-6). What is the units digit of (n/(-5))/(3/(6/(-4)))?
1
Let o(r) be the second derivative of r**5/30 + r**4/6 + r**3/2 + r**2/2 - 3*r. Let j(s) be the first derivative of o(s). What is the units digit of j(-3)?
9
What is the tens digit of 3 + 832/12 - (-7)/(-21)?
7
Let i(r) = 4*r + 9. Let x be i(-2). What is the hundreds digit of ((1 + -2)*1)/x - -119?
1
Let q(f) = -f**2 - 4*f - 1. Let r(s) = s**3 - 5*s**2 + 2*s + 5. Let n be r(4). Let l be q(n). What is the tens digit of (20/15)/(l/105)?
7
Let x = 8 - 86. What is the units digit of (-20)/(-6)*x/(-5)?
2
Let r = 73 - 136. Let a = r - -14. Let f = -33 - a. What is the tens digit of f?
1
Let l = -103 + 187. What is the units digit of l?
4
Suppose -4*j = -s - 41, 4*j + 0*j = 12. Let g = s + 13. Let n = g + 21. What is the units digit of n?
5
Let b be 5/(-30)*-3*94. Suppose b = 4*i - 5*s, 5*s + 46 = 5*i - 9. What is the units digit of i?
8
Suppose -35*u + 30*u = -25. Suppose 5*s - 520 = u*c, s + 4*c - 232 = -s. What is the tens digit of s?
0
Let j = -26 + -79. Let f = j - -153. What is the units digit of f?
8
Let j(x) = x**2 + 5*x - 5. Let k be j(5). Suppose -2*t = -297 + k. What is the tens digit of t?
2
Let a = 2546 + -1523. What is the tens digit of a?
2
Suppose 2*p + 147 = -p. Let g = -2 + p. Let k = 99 + g. What is the tens digit of k?
4
Let k(x) = -x**3 - 23*x**2 + 5*x + 10. Let y be k(-23). Let u = y + 226. What is the hundreds digit of u?
1
Let s(u) = -u**3 + 19*u**2 + 19*u + 25. Let n be s(20). Suppose n*l = -3*l + 848. What is the units digit of l?
6
What is the units digit of 36448/72 + (-6)/27?
6
Suppose -14541 = -18*r + 5061. What is the units digit of r?
9
Suppose 0 = -5*t - 15, -t = -k + 3*t + 567. What is the units digit of k?
5
Let c = -17 - -26. Suppose -1 = h - c. Let b = h - 5. What is the units digit of b?
3
Suppose -5*w = -10, -4*l - w + 674 = -4*w. Let t = -51 + l. What is the hundreds digit of t?
1
Suppose 32*h - 41*h + 2466 = 0. What is the tens digit of h?
7
What is the tens digit of (-151)/(2/(-16)*8/4)?
0
Let y(u) = -u**2 - u + 6. Let k be y(-3). Suppose 0 = 2*t - k*t + 4*s - 210, -4*s - 105 = -t. Let q = t - 63. What is the units digit of q?
2
Suppose -17*v - 756 = -29*v. What is the tens digit of v?
6
Suppose -87 = 11*r + 12. Let f(a) = -9*a + 27. What is the units digit of f(r)?
8
Suppose -4*g + 666 = -538. What is the hundreds digit of g?
3
Let x(d) = 13*d + 1. Let c(l) = -l**2 - 6*l + 8. Let y be c(-7). Let a be x(y). Let k = 26 + a. What is the units digit of k?
0
Suppose -3*z + 13 = t + 3*t, -2*z = t - 7. Suppose -2*f - 17 = -z*y + 2*y, 5*f - 7 = -3*y. What is the units digit of y?
9
Let r(n) = 33*n + 286. What is the units digit of r(16)?
4
Suppose l + 32 - 262 = 3*d, 1 = -l. Let f = -118 - d. Let h = f + 79. What is the tens digit of h?
3
Suppose 22*j - 118712 = -3630. What is the tens digit of j?
3
Let v = -141 + 563. What is the units digit of v?
2
Suppose 42*g = 41*g + 141. What is the hundreds digit of g?
1
Suppose 0 = -9*k + 11064 + 528. What is the hundreds digit of k?
2
Let f(n) = -n**3 + 13*n**2 - 23*n + 3. What is the hundreds digit of f(8)?
1
Suppose -4*w + 8*k - 12 = 3*k, -5*k + 20 = 0. Let n(f) = -2*f - 2. Let z(i) = i. Let a(j) = -n(j) + 2*z(j). What is the units digit of a(w)?
0
Let f = -22 - -24. Suppose -3*v - f*l + 19 = -0*l, 0 = l + 1. What is the units digit of v?
7
Suppose 5*g - 3*r + r + 225 = 0, r = -2*g - 90. Let z = g - -82. What is the tens digit of z?
3
Let h(b) = b**3 - 23*b**2 + 13*b - 48. What is the units digit of h(23)?
1
Suppose 0*z = 6*z + 96. Let j = z + 6. Let g(o) = -o**3 - 10*o**2 - 5*o - 4. What is the tens digit of g(j)?
4
Let c(v) = 5*v**2 + 19*v - 15. Let h(u) = -4*u**2 - 19*u + 15. Let g(x) = 3*c(x) + 4*h(x). What is the units digit of g(-16)?
3
Let w(s) = 18 - 9 + 6*s + 2*s**2 - 33. What is the hundreds digit of w(7)?
1
Let b = 8 - 5. Let y = 16 + -11. Suppose b*o = -2*w + 65, 4*w + 4*o